 d - 17, 0 = -6*d + 5*d + 3. What is the highest common factor of 12 and g?
4
Let c(k) be the third derivative of -k**6/120 - k**5/20 - k**4/12 - 2*k**3/3 - 10*k**2. Let u be c(-4). What is the highest common factor of 2 and u?
2
Let z = -23 + 14. Let w be z/(-6) - (-33)/6. What is the highest common factor of 28 and w?
7
Suppose 3*m - 2*m - 35 = 0. What is the greatest common divisor of 14 and m?
7
Suppose 0 = 2*a - 96 - 44. Let d be 3 + 11*(-3 - -4). Calculate the greatest common divisor of d and a.
14
Suppose 19 = -l + 79. Calculate the highest common divisor of l and 150.
30
Suppose -3*y + i = -8, -2*y - 2*i + 17 = 3*y. Suppose -y*j + 55 = 2*j. Calculate the greatest common factor of j and 11.
11
Suppose -5*l + 14 = -4*l. Suppose -2*g = -4*g + l. Calculate the greatest common factor of 14 and g.
7
Let n = 2 - 0. Suppose 3*x - 2*b + 8 = 0, x - b + n = -2. Suppose -5*s + 4*m + 81 = x, -5*s + 4*m + 47 = -2*s. What is the greatest common divisor of s and 34?
17
Let r = 36 - 16. Calculate the highest common divisor of r and 20.
20
Let s = -37 - -39. Let g be (-1)/(-1) - (-2 + 1). What is the highest common factor of s and g?
2
Suppose 0 = -7*f + 233 + 19. Suppose 2*g + 36 = 2*h + h, -48 = -4*h - 2*g. What is the greatest common factor of f and h?
12
Suppose -9*i + 5*i = -460. What is the highest common divisor of 23 and i?
23
Let z(c) = -c**3 + 8*c**2 + 4*c - 6. Let k be z(8). Suppose 0*d + 2*d = 130. What is the greatest common factor of k and d?
13
Let x = 0 + 1. Let o be 6 - x - 2/2. Suppose 5*m + o*l = 29, -5 = 6*l - 11*l. What is the highest common factor of m and 20?
5
Let y be (-60)/(-2)*(-18)/(-4). Let u = -19 - -34. What is the highest common factor of u and y?
15
Suppose 11*n - 834 - 475 = 0. What is the highest common divisor of n and 17?
17
Suppose -a - 4 = 3*a. Let y(t) = -12*t - 1. Let v be y(a). What is the highest common divisor of 44 and v?
11
Suppose -2*z - w = -6*w - 66, 2*w - 99 = -3*z. What is the greatest common factor of 66 and z?
33
Suppose 3*o = 2*y + 26, -7*y + 3*y = 4*o - 48. Suppose 123*b = 122*b + 10. Calculate the greatest common factor of b and o.
10
Let r be 2/4 + (-654)/(-4). Suppose -f + 67 = -5*m, -14 = -4*f + 2*m + r. Calculate the greatest common factor of 105 and f.
21
Let k(x) = 42*x**3 - x**2 + 2*x - 1. Let l be k(1). Calculate the highest common factor of 105 and l.
21
Let i be 1 + 1 + 4*2. Let a = -3 - -8. Let m(r) = -r**3 + 6*r**2 - 2*r + 5. Let g be m(a). Calculate the greatest common factor of g and i.
10
Let o(n) = n**3 + 6*n**2 + 2*n - 6. Let s be o(-5). Calculate the greatest common divisor of 99 and s.
9
Suppose u + 20 = x + 3*x, 5*x + u = 25. Calculate the highest common divisor of x and 10.
5
Suppose -13 = -5*v + 7. Suppose v*r - 3 = r. Suppose 0 = 3*i - 17 - r. What is the greatest common divisor of i and 9?
3
Let l be (-4)/(-10) - 46/(-10). What is the greatest common divisor of 5 and l?
5
Let g be (-500)/(-6) + 46/69. Let u be (-3 - -15)*(0 + 2). Let q be u*((-1)/(-2))/1. Calculate the highest common factor of g and q.
12
Let t be ((-598)/4)/(-13) + 2/(-4). Calculate the greatest common factor of t and 11.
11
Suppose -3 = -2*t + 11. Let j be (-2)/t + (-486)/14. Let s = j + 50. What is the highest common factor of 30 and s?
15
Suppose 71 = 3*b + 2*j, -3*b - 53 = -4*j - 154. Let o = 16 + -14. Suppose 9 = 3*u + o*c, -2*u = 3*u - 3*c - 15. Calculate the highest common divisor of u and b.
3
Suppose 114 = 3*f + 3*j, -f + 0*j + 46 = -3*j. What is the highest common divisor of f and 10?
10
Let q be (-2)/(-4)*10 - 0. Suppose 5*f - 20 = -q. Suppose -2*l - 34 = -4*z, 0 = -4*z - 6*l + f*l + 29. Calculate the greatest common divisor of 8 and z.
8
Suppose -291 = -5*s - j, s + 0*s = j + 63. Calculate the highest common factor of 236 and s.
59
Suppose 0 = 2*s + 3*s - 10. Suppose s*a = 100 + 32. Calculate the highest common divisor of a and 6.
6
Suppose -2*c - 2*v - 8 = 0, c - 5*v + 8 = -2. Let r(q) = -18*q + 10. Let k be r(c). Calculate the highest common factor of 25 and k.
25
Let j = -12 + 3. Let m = 13 + 3. Let n = j + m. Calculate the greatest common factor of 28 and n.
7
Let g(x) = -x - 5. Let j be g(-7). Let c(n) = 2*n**3 - n - 2. Let w be c(j). Suppose 0 = 3*s - w - 12. What is the highest common factor of s and 64?
8
Let g(o) = o + 9. Let z be g(3). Calculate the greatest common divisor of 6 and z.
6
Let s be 30/50 + (-396)/10. Let h be (-747)/s + 8/(-52). Let g = -413 - -622. Calculate the greatest common divisor of g and h.
19
Let r be ((-4)/6)/((-2)/15). Let q = 19 - 31. Let z = q + 32. What is the greatest common factor of r and z?
5
Let v be (6/4)/(6/376). Suppose -73 = -3*w + g, -3*w - v = -7*w + 2*g. What is the greatest common factor of 78 and w?
26
Suppose -84 = 3*b + 15. Suppose -2*f - 265 = -7*f. Let z = f + b. Calculate the greatest common divisor of 30 and z.
10
Let m = -190 - -443. Calculate the highest common factor of m and 23.
23
Let d = -120 - -141. Calculate the greatest common divisor of d and 3.
3
Let d be ((-4)/(-12))/((-2)/(-210)). What is the greatest common factor of 7 and d?
7
Let z = 6 + -10. Let g = z + 3. Let x = g + 3. What is the greatest common factor of x and 3?
1
Let u = 134 - 78. Suppose -4*o + 16 = -u. Calculate the greatest common factor of o and 54.
18
Suppose -3*w + 44 = w. Let j be (-87 - (-4)/2)/(-1). Let r = j + -30. What is the highest common factor of r and w?
11
Let z = 3 - -2. Suppose 2*b - 33 - 47 = 0. What is the greatest common factor of z and b?
5
Suppose 2*a - 3*c - 5 = -3*a, 2*c = 10. Suppose 0 = -5*u - 2*q + 6*q + 31, -a*u = 4*q - 32. What is the greatest common divisor of u and 28?
7
Suppose 3*o - 5*p = -13 - 28, -o - 9 = 3*p. Let s be -2*-2*3/o. Let a = s - -21. Calculate the greatest common divisor of a and 50.
10
Suppose 3*g - 184 = 248. What is the highest common divisor of 16 and g?
16
Let i(x) = 27*x**3 + x**2. Let a be i(1). Let p be -2*((-3)/3 - 0). Let c be 36/8 - 1/p. Calculate the highest common factor of a and c.
4
Suppose 2*s = -y + 3*s + 76, 2*y - s - 151 = 0. Let c = 3 + -4. Let u(b) = 16*b**2 - 1. Let n be u(c). What is the greatest common divisor of y and n?
15
Let y = -23 - -23. Suppose a = -y*a + 9. Let m = -41 - -68. What is the greatest common factor of m and a?
9
Let c = 15 + -6. Let p = -5 - -11. Calculate the highest common divisor of p and c.
3
Let d(n) = 4*n + 29. Let k be d(-5). Calculate the highest common divisor of k and 45.
9
Let d(i) = i - 6. Let r be d(5). Let g be (r/2)/(4/(-152)). Suppose -j + y = -5*j + g, 0 = -2*j - 3*y - 3. Calculate the greatest common factor of 4 and j.
2
Suppose 3*g - 81 - 27 = 0. Let y be (-27)/g + 323/4. What is the highest common factor of y and 20?
20
Suppose -26 = -5*j + 4. Suppose -18 = -923*l + 920*l. What is the greatest common factor of j and l?
6
Suppose -10 = -2*j + f + 9, 2*j - 4*f = 10. Let o = 15 + -4. What is the highest common divisor of o and j?
11
Let a = 6 - -2. Suppose 0 = -4*l - f + 84 + 139, l - 4*f - 60 = 0. Calculate the greatest common factor of l and a.
8
Suppose -u + 5 - 1 = 0. Let j be ((-6)/u)/(5/(-10)). What is the greatest common factor of 24 and j?
3
Suppose 546 = 9*h - 336. Suppose 0 = -5*t + 115 - 45. What is the highest common factor of h and t?
14
Suppose 2*f - 2 = 4*d, 4*d = d + 4*f - 9. Suppose 0 = 4*o - o. Let u be -1 + 1 + 5 + o. Calculate the highest common factor of u and d.
1
Let k(a) = 2*a**3 - 3*a**2 - 3*a - 3. Let w be k(3). Let g = -119 + w. Let m = g - -199. Calculate the greatest common divisor of 19 and m.
19
Let d(m) = -m**2 - 4*m + 7. Let f be d(-5). Suppose -t = f*t - 3. Calculate the highest common factor of t and 1.
1
Suppose h = -4*c + 5*c - 58, 3*c - 2*h - 179 = 0. Calculate the greatest common divisor of c and 9.
9
Let z = -15 + 16. Let t be -3 - -9 - (2 + -1). What is the greatest common factor of t and z?
1
Let o = -98 - -143. Calculate the highest common factor of 9 and o.
9
Let g(t) = -4*t - 4. Let b be g(-3). What is the greatest common factor of 1 and b?
1
Let a be (-4)/4 - -5 - -19. Let k = 148 - 79. Calculate the greatest common factor of k and a.
23
Let r(c) be the first derivative of c**3/3 - 3*c**2/2 - 2*c - 7. Let m be r(-2). Calculate the greatest common factor of m and 48.
8
Let v = -16 - -23. Calculate the greate